{"id":254,"date":"2025-12-15T10:11:40","date_gmt":"2025-12-15T10:11:40","guid":{"rendered":"https:\/\/bozcell.com\/?post_type=product&#038;p=254"},"modified":"2026-01-02T16:12:55","modified_gmt":"2026-01-02T16:12:55","slug":"orta-panel-tutucu-clamp","status":"publish","type":"product","link":"https:\/\/bozcell.com\/?product=orta-panel-tutucu-clamp","title":{"rendered":"Orta Panel Tutucu (Clamp)"},"content":{"rendered":"<h3>Orta Panel Tutucu (Clamp)<\/h3>\n<p>Orta panel tutucu (clamp), g\u00fcne\u015f panellerini montaj yap\u0131s\u0131na g\u00fcvenli ve d\u00fczg\u00fcn bir \u015fekilde sabitlemek i\u00e7in kullan\u0131lan \u00f6nemli bir ekipmand\u0131r. Bu ekipman, \u00f6zellikle yan yana yerle\u015ftirilen panellerin aras\u0131ndaki ba\u011flant\u0131y\u0131 sa\u011flamla\u015ft\u0131rmak ve d\u00fczenli bir kurulum sa\u011flamak amac\u0131yla kullan\u0131l\u0131r.<\/p>\n","protected":false},"excerpt":{"rendered":"<p>Orta Panel Tutucu (Clamp) Orta panel tutucu (clamp), g\u00fcne\u015f panellerini montaj yap\u0131s\u0131na g\u00fcvenli ve d\u00fczg\u00fcn bir \u015fekilde sabitlemek i\u00e7in kullan\u0131lan ?<\/p>\n","protected":false},"featured_media":262,"comment_status":"open","ping_status":"closed","template":"","meta":{"_mbp_gutenberg_autopost":false},"product_brand":[30],"product_cat":[39],"product_tag":[],"class_list":{"0":"post-254","1":"product","2":"type-product","3":"status-publish","4":"has-post-thumbnail","6":"product_brand-bozcell","7":"product_cat-montaj-ekipmanlari","9":"first","10":"instock","11":"taxable","12":"shipping-taxable","13":"purchasable","14":"product-type-simple"},"_links":{"self":[{"href":"https:\/\/bozcell.com\/index.php?rest_route=\/wp\/v2\/product\/254","targetHints":{"allow":["GET"]}}],"collection":[{"href":"https:\/\/bozcell.com\/index.php?rest_route=\/wp\/v2\/product"}],"about":[{"href":"https:\/\/bozcell.com\/index.php?rest_route=\/wp\/v2\/types\/product"}],"replies":[{"embeddable":true,"href":"https:\/\/bozcell.com\/index.php?rest_route=%2Fwp%2Fv2%2Fcomments&post=254"}],"wp:featuredmedia":[{"embeddable":true,"href":"https:\/\/bozcell.com\/index.php?rest_route=\/wp\/v2\/media\/262"}],"wp:attachment":[{"href":"https:\/\/bozcell.com\/index.php?rest_route=%2Fwp%2Fv2%2Fmedia&parent=254"}],"wp:term":[{"taxonomy":"product_brand","embeddable":true,"href":"https:\/\/bozcell.com\/index.php?rest_route=%2Fwp%2Fv2%2Fproduct_brand&post=254"},{"taxonomy":"product_cat","embeddable":true,"href":"https:\/\/bozcell.com\/index.php?rest_route=%2Fwp%2Fv2%2Fproduct_cat&post=254"},{"taxonomy":"product_tag","embeddable":true,"href":"https:\/\/bozcell.com\/index.php?rest_route=%2Fwp%2Fv2%2Fproduct_tag&post=254"}],"curies":[{"name":"wp","href":"https:\/\/api.w.org\/{rel}","templated":true}]}}