{"id":355,"date":"2025-12-17T06:04:58","date_gmt":"2025-12-17T06:04:58","guid":{"rendered":"https:\/\/bozcell.com\/?post_type=product&#038;p=355"},"modified":"2026-04-07T16:57:21","modified_gmt":"2026-04-07T16:57:21","slug":"deye-10kw-trifaz-on-grid-inverter","status":"publish","type":"product","link":"https:\/\/bozcell.com\/?product=deye-10kw-trifaz-on-grid-inverter","title":{"rendered":"Deye 10kW Trifaz (on grid) inverter"},"content":{"rendered":"<p>10KW TRIFAZ ONGRID \u0130NVERTER<\/p>\n<p>2YIL GARANT\u0130L\u0130<br \/>\n%98.3 VERIM<br \/>\nM\u0130N\u0130MUM 200VOLT PV G\u0130R\u0130\u015e<br \/>\n200V-800VOLT GEN\u0130\u015e PV VOLTAJ ARALI\u011eI<\/p>\n<p>DAH\u0130L\u0130 AKIM SENS\u00d6R\u00dc \u0130LE \u015eEBEKEYE ENERJ\u0130 VERMEDEN ANLIK 10KW YA KADAR ENERJ\u0130N\u0130Z\u0130 SA\u011eLAYAB\u0130L\u0130RS\u0130N\u0130Z.<\/p>\n<p>W\u0130F\u0130 \u0130LE UZAKTAN \u0130ZLEME \u00d6ZELL\u0130\u011e\u0130<\/p>\n","protected":false},"excerpt":{"rendered":"<p>10KW TRIFAZ ONGRID \u0130NVERTER 2YIL GARANT\u0130L\u0130 %98.3 VERIM M\u0130N\u0130MUM 200VOLT PV G\u0130R\u0130\u015e 200V-800VOLT GEN\u0130\u015e PV VOLTAJ ARALI\u011eI DAH\u0130L\u0130 AKIM SENS\u00d6R\u00dc \u0130L<\/p>\n","protected":false},"featured_media":356,"comment_status":"open","ping_status":"closed","template":"","meta":{"_mbp_gutenberg_autopost":false},"product_brand":[],"product_cat":[42],"product_tag":[],"class_list":{"0":"post-355","1":"product","2":"type-product","3":"status-publish","4":"has-post-thumbnail","6":"product_cat-on-grid-inverter","8":"first","9":"instock","10":"purchasable","11":"product-type-simple"},"_links":{"self":[{"href":"https:\/\/bozcell.com\/index.php?rest_route=\/wp\/v2\/product\/355","targetHints":{"allow":["GET"]}}],"collection":[{"href":"https:\/\/bozcell.com\/index.php?rest_route=\/wp\/v2\/product"}],"about":[{"href":"https:\/\/bozcell.com\/index.php?rest_route=\/wp\/v2\/types\/product"}],"replies":[{"embeddable":true,"href":"https:\/\/bozcell.com\/index.php?rest_route=%2Fwp%2Fv2%2Fcomments&post=355"}],"wp:featuredmedia":[{"embeddable":true,"href":"https:\/\/bozcell.com\/index.php?rest_route=\/wp\/v2\/media\/356"}],"wp:attachment":[{"href":"https:\/\/bozcell.com\/index.php?rest_route=%2Fwp%2Fv2%2Fmedia&parent=355"}],"wp:term":[{"taxonomy":"product_brand","embeddable":true,"href":"https:\/\/bozcell.com\/index.php?rest_route=%2Fwp%2Fv2%2Fproduct_brand&post=355"},{"taxonomy":"product_cat","embeddable":true,"href":"https:\/\/bozcell.com\/index.php?rest_route=%2Fwp%2Fv2%2Fproduct_cat&post=355"},{"taxonomy":"product_tag","embeddable":true,"href":"https:\/\/bozcell.com\/index.php?rest_route=%2Fwp%2Fv2%2Fproduct_tag&post=355"}],"curies":[{"name":"wp","href":"https:\/\/api.w.org\/{rel}","templated":true}]}}