{"id":466,"date":"2026-01-04T04:35:49","date_gmt":"2026-01-04T04:35:49","guid":{"rendered":"https:\/\/bozcell.com\/?post_type=product&#038;p=466"},"modified":"2026-04-07T16:21:35","modified_gmt":"2026-04-07T16:21:35","slug":"gunes-paneli-kiremit-montaj-aparati","status":"publish","type":"product","link":"https:\/\/bozcell.com\/?product=gunes-paneli-kiremit-montaj-aparati","title":{"rendered":"G\u00fcne\u015f Paneli Kiremit Montaj Aparat\u0131"},"content":{"rendered":"<p>G\u00fcne\u015f paneli \u00e7at\u0131 kiremit kancas\u0131, g\u00fcne\u015f panellerini kiremit \u00e7at\u0131lara monte etmek i\u00e7in kullan\u0131lan \u00f6zel bir aparatt\u0131r. Panellerin \u00e7at\u0131ya sa\u011flam ve g\u00fcvenli bir \u015fekilde ba\u011flanmas\u0131n\u0131 sa\u011flayarak uzun \u00f6m\u00fcrl\u00fc ve estetik bir g\u00fcne\u015f enerjisi sistemi kurulumuna imkan verir.<\/p>\n","protected":false},"excerpt":{"rendered":"<p>G\u00fcne\u015f paneli \u00e7at\u0131 kiremit kancas\u0131, g\u00fcne\u015f panellerini kiremit \u00e7at\u0131lara monte etmek i\u00e7in kullan\u0131lan \u00f6zel bir aparatt\u0131r. Panellerin \u00e7at\u0131ya sa\u011f<\/p>\n","protected":false},"featured_media":467,"comment_status":"open","ping_status":"closed","template":"","meta":{"_mbp_gutenberg_autopost":false},"product_brand":[30],"product_cat":[39],"product_tag":[],"class_list":{"0":"post-466","1":"product","2":"type-product","3":"status-publish","4":"has-post-thumbnail","6":"product_brand-bozcell","7":"product_cat-montaj-ekipmanlari","9":"first","10":"instock","11":"taxable","12":"shipping-taxable","13":"purchasable","14":"product-type-simple"},"_links":{"self":[{"href":"https:\/\/bozcell.com\/index.php?rest_route=\/wp\/v2\/product\/466","targetHints":{"allow":["GET"]}}],"collection":[{"href":"https:\/\/bozcell.com\/index.php?rest_route=\/wp\/v2\/product"}],"about":[{"href":"https:\/\/bozcell.com\/index.php?rest_route=\/wp\/v2\/types\/product"}],"replies":[{"embeddable":true,"href":"https:\/\/bozcell.com\/index.php?rest_route=%2Fwp%2Fv2%2Fcomments&post=466"}],"wp:featuredmedia":[{"embeddable":true,"href":"https:\/\/bozcell.com\/index.php?rest_route=\/wp\/v2\/media\/467"}],"wp:attachment":[{"href":"https:\/\/bozcell.com\/index.php?rest_route=%2Fwp%2Fv2%2Fmedia&parent=466"}],"wp:term":[{"taxonomy":"product_brand","embeddable":true,"href":"https:\/\/bozcell.com\/index.php?rest_route=%2Fwp%2Fv2%2Fproduct_brand&post=466"},{"taxonomy":"product_cat","embeddable":true,"href":"https:\/\/bozcell.com\/index.php?rest_route=%2Fwp%2Fv2%2Fproduct_cat&post=466"},{"taxonomy":"product_tag","embeddable":true,"href":"https:\/\/bozcell.com\/index.php?rest_route=%2Fwp%2Fv2%2Fproduct_tag&post=466"}],"curies":[{"name":"wp","href":"https:\/\/api.w.org\/{rel}","templated":true}]}}